{"id":110037,"date":"2024-01-19T14:17:46","date_gmt":"2024-01-19T22:17:46","guid":{"rendered":"https:\/\/wou.edu\/business-economics\/?page_id=110037"},"modified":"2026-04-07T10:31:42","modified_gmt":"2026-04-07T17:31:42","slug":"volunteer-income-tax-assistance-vita","status":"publish","type":"page","link":"https:\/\/wou.edu\/business-economics\/volunteer-income-tax-assistance-vita\/","title":{"rendered":"Volunteer Income Tax Assistance (VITA)"},"content":{"rendered":"<p>[et_pb_section fb_built=&#8221;1&#8243; _builder_version=&#8221;4.23.4&#8243; _module_preset=&#8221;default&#8221; background_image=&#8221;https:\/\/cdn.wou.edu\/business-economics\/files\/2024\/01\/guy-looing-at-receipts.jpg&#8221; custom_padding=&#8221;21px||277px|||&#8221; global_colors_info=&#8221;{}&#8221;][et_pb_row _builder_version=&#8221;4.23.4&#8243; _module_preset=&#8221;default&#8221; global_colors_info=&#8221;{}&#8221;][et_pb_column type=&#8221;4_4&#8243; _builder_version=&#8221;4.23.4&#8243; _module_preset=&#8221;default&#8221; global_colors_info=&#8221;{}&#8221;][et_pb_text _builder_version=&#8221;4.23.4&#8243; _module_preset=&#8221;default&#8221; header_font=&#8221;Montserrat|700|||||||&#8221; header_font_size=&#8221;48px&#8221; background_color=&#8221;rgba(255,255,255,0.71)&#8221; custom_padding=&#8221;2%|3%|2%|3%|true|true&#8221; header_font_size_tablet=&#8221;49px&#8221; header_font_size_phone=&#8221;40px&#8221; header_font_size_last_edited=&#8221;on|phone&#8221; header_text_shadow_style=&#8221;preset1&#8243; header_text_shadow_vertical_length=&#8221;0em&#8221; header_text_shadow_blur_strength=&#8221;0.34em&#8221; header_text_shadow_color=&#8221;rgba(255,255,255,0.46)&#8221; global_colors_info=&#8221;{}&#8221;]<\/p>\n<h1>Volunteer Income Tax Assistance (VITA)<\/h1>\n<h2>Free tax preparation services for low-income individuals and families.<\/h2>\n<p>[\/et_pb_text][\/et_pb_column][\/et_pb_row][\/et_pb_section][et_pb_section fb_built=&#8221;1&#8243; _builder_version=&#8221;4.23.4&#8243; _module_preset=&#8221;default&#8221; custom_padding=&#8221;1px|5%|0px|5%|false|true&#8221; global_colors_info=&#8221;{}&#8221;][et_pb_row column_structure=&#8221;1_2,1_2&#8243; use_custom_gutter=&#8221;on&#8221; gutter_width=&#8221;2&#8243; _builder_version=&#8221;4.27.2&#8243; _module_preset=&#8221;default&#8221; width=&#8221;100%&#8221; max_width=&#8221;2560px&#8221; custom_padding=&#8221;5%||||false|false&#8221; global_colors_info=&#8221;{}&#8221;][et_pb_column type=&#8221;1_2&#8243; _builder_version=&#8221;4.23.4&#8243; _module_preset=&#8221;default&#8221; global_colors_info=&#8221;{}&#8221;][et_pb_blurb title=&#8221;Who Qualifies&#8221; use_icon=&#8221;on&#8221; font_icon=&#8221;&#xf4fc;||fa||900&#8243; icon_color=&#8221;#bababa&#8221; image_icon_width=&#8221;80px&#8221; _builder_version=&#8221;4.27.2&#8243; _module_preset=&#8221;default&#8221; header_level=&#8221;h2&#8243; header_font=&#8221;Montserrat|600|||||||&#8221; header_text_align=&#8221;center&#8221; header_text_color=&#8221;#db0a29&#8243; header_font_size=&#8221;30px&#8221; global_colors_info=&#8221;{}&#8221;]<\/p>\n<p style=\"text-align: center;\"><em>Most taxpayers qualify if any of the following apply:<\/em><\/p>\n<ul>\n<li>People who generally make $69,000 or less<\/li>\n<li>Persons with disabilities, and<\/li>\n<li>Limited English-speaking taxpayers<\/li>\n<li>Most participants must file by April 15, 2026.<\/li>\n<li>Some restrictions apply. Taxpayers will be asked a few qualifying questions at the time they schedule their appointments.<\/li>\n<\/ul>\n<p>[\/et_pb_blurb][\/et_pb_column][et_pb_column type=&#8221;1_2&#8243; _builder_version=&#8221;4.23.4&#8243; _module_preset=&#8221;default&#8221; global_colors_info=&#8221;{}&#8221;][et_pb_blurb title=&#8221;English &#038; Spanish&#8221; use_icon=&#8221;on&#8221; font_icon=&#8221;&#xf1ab;||fa||900&#8243; icon_color=&#8221;#bababa&#8221; image_icon_width=&#8221;80px&#8221; _builder_version=&#8221;4.27.5&#8243; _module_preset=&#8221;default&#8221; header_level=&#8221;h2&#8243; header_font=&#8221;Montserrat|600|||||||&#8221; header_text_align=&#8221;center&#8221; header_text_color=&#8221;#db0a29&#8243; header_font_size=&#8221;30px&#8221; global_colors_info=&#8221;{}&#8221;]<\/p>\n<p>We offer free tax preparation services from counselors fluent in both English and Spanish.<\/p>\n<p>Ofrecemos servicios gratuitos de preparaci\u00f3n de impuestos con asesores que hablan ingl\u00e9s y espa\u00f1ol con fluidez.<\/p>\n<p>[\/et_pb_blurb][\/et_pb_column][\/et_pb_row][et_pb_row column_structure=&#8221;1_2,1_2&#8243; use_custom_gutter=&#8221;on&#8221; gutter_width=&#8221;2&#8243; _builder_version=&#8221;4.27.2&#8243; _module_preset=&#8221;default&#8221; width=&#8221;100%&#8221; max_width=&#8221;2560px&#8221; custom_padding=&#8221;5%||||false|false&#8221; global_colors_info=&#8221;{}&#8221;][et_pb_column type=&#8221;1_2&#8243; _builder_version=&#8221;4.23.4&#8243; _module_preset=&#8221;default&#8221; global_colors_info=&#8221;{}&#8221;][et_pb_blurb title=&#8221;Location &#038; Hours&#8221; url=&#8221;https:\/\/maps.app.goo.gl\/DWtP7JUAUG3PQcGBA&#8221; use_icon=&#8221;on&#8221; font_icon=&#8221;&#xf3c5;||fa||900&#8243; icon_color=&#8221;#bababa&#8221; image_icon_width=&#8221;80px&#8221; _builder_version=&#8221;4.27.5&#8243; _module_preset=&#8221;default&#8221; header_level=&#8221;h2&#8243; header_font=&#8221;Montserrat|600|||||||&#8221; header_text_align=&#8221;center&#8221; header_text_color=&#8221;#db0a29&#8243; header_font_size=&#8221;30px&#8221; hover_enabled=&#8221;0&#8243; global_colors_info=&#8221;{}&#8221; sticky_enabled=&#8221;0&#8243;]<\/p>\n<blockquote>\n<div><strong>Western Oregon University<\/strong><br \/>WOU Welcome Center (Room 136), 701 Monmouth Ave N, Monmouth, OR 97361<\/div>\n<\/blockquote>\n<blockquote>\n<p><strong>Parking and Check-in<\/strong><br \/>Paid parking is available across the street from the building, in Lot O. Please pay for parking at one of the parking kiosks located in Lot K and Lot B (the two closest to Lot O). Parking is free on Saturdays. Please look for the VITA flag at the Welcome Center entrance and proceed to Room 136 to check-in.<\/p>\n<\/blockquote>\n<blockquote>\n<p><strong>Dates and Hours of Operation<\/strong><br \/><strong>Important:<\/strong> OUR OFFICE IS NOT STAFFED BETWEEN APRIL 12, 2026-FEBRUARY 4, 2027. Free tax preparation services are offered only during the annual tax filing season (roughly February \u2013 mid-April). Our last day of operation for 2025 tax year filings is Saturday, April 11, 2026. <strong>If you need assistance outside of our normal dates of operation, please email <a href=\"mailto:MITaxResources@gmail.com\">MITaxResources@gmail.com<\/a> and a member of that volunteer team will refer you to an appropriate resource.<\/strong><\/p>\n<p>We expect to operate for the 2026 tax year filing season between February 5 \u2013 April 15, 2027. Appointments for the 2026 tax year filing season will be accepted beginning January 15, 2027. Office hours are by appointment only. <strong>No walk-ins will be accepted.<\/strong><\/p>\n<\/blockquote>\n<blockquote>\n<p><strong>2026 TAX YEAR APPOINTMENTS<\/strong><br \/>We will begin taking appointments for the 2026 tax year on Friday, January 15, 2027. Our first day of operations for the 2026 Tax Year is expected to be Friday, February 5, 2027. We will publish dates, times and locations available for 2026 tax year appointments by January 18, 2027. Please check this website in January 2027 for updated information regarding the 2026 tax return preparation program. You may also visit MITaxResources.org for information on the 2026 tax year filing season and to find resources for local tax assistance outside of the normal tax season.<\/p>\n<p><em>Making an Appointment<\/em><br \/>Appointment request forms for the 2026 tax year will be released by January 15, 2027. <strong>Use of an Appointment Request Form is the preferred method<\/strong> for making appointments. Appointment request forms will be available in both English and Spanish.<\/p>\n<p>DURING PERIODS WHEN WE ARE OPERATING ONLY: You may also text or call the VITA Appointment Line at <a href=\"tel:5037514132\">(503) 751-4132<\/a> (text is preferred), or email us at <a href=\"mailto:wouvita@wou.edu\">wouvita@wou.edu<\/a> to schedule your appointment.<\/p>\n<\/blockquote>\n<p>[\/et_pb_blurb][\/et_pb_column][et_pb_column type=&#8221;1_2&#8243; _builder_version=&#8221;4.23.4&#8243; _module_preset=&#8221;default&#8221; global_colors_info=&#8221;{}&#8221;][et_pb_blurb title=&#8221;Scheduling&#8221; use_icon=&#8221;on&#8221; font_icon=&#8221;&#xf274;||fa||900&#8243; icon_color=&#8221;#bababa&#8221; image_icon_width=&#8221;80px&#8221; _builder_version=&#8221;4.27.5&#8243; _module_preset=&#8221;default&#8221; header_level=&#8221;h2&#8243; header_font=&#8221;Montserrat|600|||||||&#8221; header_text_align=&#8221;center&#8221; header_text_color=&#8221;#db0a29&#8243; header_font_size=&#8221;30px&#8221; link_option_url_new_window=&#8221;on&#8221; hover_enabled=&#8221;0&#8243; global_colors_info=&#8221;{}&#8221; sticky_enabled=&#8221;0&#8243;]<\/p>\n<blockquote>\n<p>Once the 2026 tax filing season begins, we will be able to assist taxpayers at our Monmouth location with tax returns for tax years 2025 and 2026. Through our partnership with AARP Tax-Aide, we may be able to arrange assistance with earlier tax years. Please make note on your Appointment Request Form if you need help with multiple tax years. Appointments are required for all services. <strong>No walk-ins will be accepted.<\/strong><\/p>\n<p><em>Making an Appointment<\/em><br \/>Appointment request forms for the 2026 tax year will be released by January 15, 2027.<strong> Use of an Appointment Request Form is the preferred method<\/strong> for making appointments. Appointment request forms are available in both English and Spanish.<\/p>\n<p><em>DURING PERIODS WHEN WE ARE OPERATING ONLY: You may also text or call the VITA Appointment Line at <a href=\"tel:5037514132\">(503) 751-4132<\/a> (text is preferred), or email us at <a href=\"mailto:wouvita@wou.edu\">wouvita@wou.edu<\/a> to schedule your appointment.<\/em><\/p>\n<\/blockquote>\n<p>[\/et_pb_blurb][\/et_pb_column][\/et_pb_row][et_pb_row _builder_version=&#8221;4.23.4&#8243; _module_preset=&#8221;default&#8221; global_colors_info=&#8221;{}&#8221;][et_pb_column type=&#8221;4_4&#8243; _builder_version=&#8221;4.23.4&#8243; _module_preset=&#8221;default&#8221; global_colors_info=&#8221;{}&#8221;][et_pb_toggle title=&#8221;Checklist of Required Documents&#8221; _builder_version=&#8221;4.27.5&#8243; _module_preset=&#8221;default&#8221; title_text_color=&#8221;#db0a29&#8243; title_level=&#8221;h2&#8243; title_font=&#8221;Montserrat|600|||||||&#8221; custom_css_toggle_title=&#8221;padding:15px!important;&#8221; global_colors_info=&#8221;{}&#8221;]<\/p>\n<p>Please bring all of the documents and information requested below to your appointment.<\/p>\n<ul>\n<li>Completed IRS Form 13614-C<\/li>\n<ul>\n<li>You may pick this form up in advance from either the Monmouth Public Library or the Independence Public Library.<\/li>\n<li>You may also download this form either here (<a href=\"https:\/\/www.irs.gov\/pub\/irs-pdf\/f13614c.pdf\">English Version<\/a>) or here (<a href=\"https:\/\/www.irs.gov\/pub\/irs-pdf\/f13614cs.pdf\">Spanish Version<\/a>).<\/li>\n<li>You may also arrive early for your appointment and complete the form onsite. If you plan to do this, please arrvive at least 20 minutes before your appointment time.<\/li>\n<\/ul>\n<li>Photo ID<\/li>\n<ul>\n<li>For both spouses, if filing jointly<\/li>\n<li>Must be an unexpired ID<\/li>\n<\/ul>\n<li>Social Security card AND Dates of Birth<\/li>\n<ul>\n<li>For you<\/li>\n<li>For spouse<\/li>\n<li>For all dependents<\/li>\n<\/ul>\n<li>W-2 Forms<\/li>\n<ul>\n<li>These are forms showing your wage and tax information.<\/li>\n<li>Bring one from each employer in 2025 (if you had two jobs &amp; employers, you should have 2 W-2 forms)<\/li>\n<li>These should be received by Feb. 15<\/li>\n<\/ul>\n<li>1099 Forms<\/li>\n<ul>\n<li>These show your sources of income (interest, dividends, retirement, other sources)<\/li>\n<li>From banks, brokerages, contract work, or any other source of income<\/li>\n<\/ul>\n<li>Proof of Deductible Costs (if applicable)<\/li>\n<ul>\n<li>Receipts showing education expenses, including books.<\/li>\n<li>Proof of daycare costs<\/li>\n<li>Charitable contribution receipts<\/li>\n<li>Evidence of any other deductible costs<\/li>\n<\/ul>\n<li>1095-A, -B, or -C Form<\/li>\n<ul>\n<li>Shows health coverage. This is especially important if you purchased health insurance on the Marketplace and received an Advance Premium Tax Credit during 2025.<\/li>\n<\/ul>\n<li>1099-SA Forms<\/li>\n<ul>\n<li>If you have a health savings account<\/li>\n<\/ul>\n<li>2024 Tax Returns<\/li>\n<ul>\n<li>If you didn\u2019t file in 2024, bring your 2023 or other most recent tax return.<\/li>\n<\/ul>\n<\/ul>\n<p><strong><u>IMPORTANT<\/u><\/strong><\/p>\n<ul>\n<li>Please bring your Bank Account Number &amp; Routing Number<\/li>\n<li>The IRS will no longer mail checks for refund payments.<\/li>\n<li>Please bring a blank check or some other documentation to share this information with your tax preparer.<\/li>\n<li>If you are unable to provide a bank account number and routing number, the IRS is able to deposit funds into a prepaid debit card, but direct deposit to your bank account is recommended as the most reliable option.<\/li>\n<\/ul>\n<p>[\/et_pb_toggle][\/et_pb_column][\/et_pb_row][et_pb_row use_custom_gutter=&#8221;on&#8221; gutter_width=&#8221;2&#8243; _builder_version=&#8221;4.23.4&#8243; _module_preset=&#8221;default&#8221; width=&#8221;100%&#8221; max_width=&#8221;2560px&#8221; custom_padding=&#8221;59px|||||&#8221; global_colors_info=&#8221;{}&#8221;][et_pb_column type=&#8221;4_4&#8243; _builder_version=&#8221;4.23.4&#8243; _module_preset=&#8221;default&#8221; global_colors_info=&#8221;{}&#8221;][et_pb_text _builder_version=&#8221;4.23.4&#8243; _module_preset=&#8221;default&#8221; global_colors_info=&#8221;{}&#8221;]<\/p>\n<h3>Contact Us: <a href=\"mailto:wouvita@wou.edu\">wouvita@wou.edu<\/a>\u00a0 | <a href=\"tel:503-751-4132\">503-751-4132<\/a><\/h3>\n<p>[\/et_pb_text][\/et_pb_column][\/et_pb_row][\/et_pb_section]<\/p>\n","protected":false},"excerpt":{"rendered":"<p>Volunteer Income Tax Assistance (VITA) Free tax&#8230;<\/p>\n","protected":false},"author":417,"featured_media":0,"parent":0,"menu_order":0,"comment_status":"closed","ping_status":"closed","template":"splash-page.php","meta":{"_seopress_robots_primary_cat":"","_seopress_titles_title":"","_seopress_titles_desc":"","_seopress_robots_index":"","_lmt_disableupdate":"","_lmt_disable":"","_et_pb_use_builder":"on","_et_pb_old_content":"","_et_gb_content_width":"","footnotes":"","_links_to":"","_links_to_target":""},"class_list":["post-110037","page","type-page","status-publish","hentry"],"_links":{"self":[{"href":"https:\/\/wou.edu\/business-economics\/wp-json\/wp\/v2\/pages\/110037","targetHints":{"allow":["GET"]}}],"collection":[{"href":"https:\/\/wou.edu\/business-economics\/wp-json\/wp\/v2\/pages"}],"about":[{"href":"https:\/\/wou.edu\/business-economics\/wp-json\/wp\/v2\/types\/page"}],"author":[{"embeddable":true,"href":"https:\/\/wou.edu\/business-economics\/wp-json\/wp\/v2\/users\/417"}],"replies":[{"embeddable":true,"href":"https:\/\/wou.edu\/business-economics\/wp-json\/wp\/v2\/comments?post=110037"}],"version-history":[{"count":12,"href":"https:\/\/wou.edu\/business-economics\/wp-json\/wp\/v2\/pages\/110037\/revisions"}],"predecessor-version":[{"id":110775,"href":"https:\/\/wou.edu\/business-economics\/wp-json\/wp\/v2\/pages\/110037\/revisions\/110775"}],"wp:attachment":[{"href":"https:\/\/wou.edu\/business-economics\/wp-json\/wp\/v2\/media?parent=110037"}],"curies":[{"name":"wp","href":"https:\/\/api.w.org\/{rel}","templated":true}]}}