{"id":961,"date":"2019-07-29T13:27:35","date_gmt":"2019-07-29T20:27:35","guid":{"rendered":"http:\/\/www.wou.edu\/1rageneracion\/?page_id=961"},"modified":"2024-10-21T10:36:45","modified_gmt":"2024-10-21T17:36:45","slug":"vida-estudiantil","status":"publish","type":"page","link":"https:\/\/wou.edu\/1rageneracion\/vida-estudiantil\/","title":{"rendered":"Vida estudiantil"},"content":{"rendered":"<p>[et_pb_section fb_built=&#8221;1&#8243; _builder_version=&#8221;3.22.7&#8243; use_background_color_gradient=&#8221;on&#8221; background_color_gradient_start=&#8221;rgba(0,0,0,0)&#8221; background_color_gradient_end=&#8221;#000000&#8243; background_image=&#8221;https:\/\/wou.edu\/1rageneracion\/files\/2019\/07\/WOU-students-taking-a-group-selfie.jpg&#8221; background_blend=&#8221;overlay&#8221; custom_padding=&#8221;2px||0px|||&#8221;][et_pb_row custom_padding=&#8221;40px|20px|11px|20px|false|true&#8221; custom_margin=&#8221;200px|auto||auto||&#8221; _builder_version=&#8221;3.22.3&#8243;][et_pb_column type=&#8221;4_4&#8243; _builder_version=&#8221;3.20.2&#8243;][et_pb_text _builder_version=&#8221;3.22.7&#8243; text_font=&#8221;||||||||&#8221; header_font=&#8221;||||||||&#8221; header_text_color=&#8221;#FFFFFF&#8221; custom_margin=&#8221;||5px|||&#8221; custom_padding=&#8221;||0px&#8221;]<\/p>\n<h1 style=\"text-align: center;\"><strong>Vida estudiantil<\/strong><\/h1>\n<p><em><\/em><\/p>\n<p>[\/et_pb_text][\/et_pb_column][\/et_pb_row][\/et_pb_section][et_pb_section fb_built=&#8221;1&#8243; _builder_version=&#8221;3.22.7&#8243;][et_pb_row _builder_version=&#8221;3.22.7&#8243; width=&#8221;90%&#8221; max_width=&#8221;2560px&#8221;][et_pb_column type=&#8221;4_4&#8243; _builder_version=&#8221;3.22.7&#8243;][et_pb_text _builder_version=&#8221;3.22.7&#8243;]<\/p>\n<h2>Una mirada a la vida estudiantil de WOU<\/h2>\n<p>A pesar de que las principales razones por las que los estudiantes van a la universidad son asistir a clases, estudiar y trabajar para obtener su grado de licenciatura, de ninguna manera es eso lo \u00fanico que hacen ah\u00ed. Es importante que los estudiantes se involucren en actividades del campus porque \u00e9sa es la manera en que vivir\u00e1n la experiencia universitaria completa. No solamente conocen a nuevas personas, sino que tambi\u00e9n ganan independencia, aprenden a ser \u201cadultos\u201d, escuchan nuevos puntos de vista y crean su propia comunidad de apoyo. Adem\u00e1s de obtener un grado acad\u00e9mico, \u00e9sta es la raz\u00f3n por la que la gente va a la universidad.<\/p>\n<p>Espec\u00edficamente en WOU los estudiantes tienen la oportunidad de involucrarse en cada \u00e1rea del campus, incluyendo deportes, eventos culturales y la estaci\u00f3n de radio, entre otros. \u00c9stas son s\u00f3lo unas cuantas actividades con las que los estudiantes universitarios pueden encontrarse en WOU.<\/p>\n<p>[\/et_pb_text][\/et_pb_column][\/et_pb_row][\/et_pb_section][et_pb_section fb_built=&#8221;1&#8243; _builder_version=&#8221;3.22.7&#8243;][et_pb_row use_custom_gutter=&#8221;on&#8221; gutter_width=&#8221;1&#8243; custom_padding=&#8221;0px||0px|||true&#8221; custom_margin=&#8221;|||||true&#8221; make_equal=&#8221;on&#8221; background_color_1=&#8221;#e7e7e7&#8243; bg_img_2=&#8221;https:\/\/wou.edu\/1rageneracion\/files\/2019\/08\/W-on-fire-by-WOU-students.jpg&#8221; padding_left_right_link_1=&#8221;true&#8221; padding_right_1=&#8221;5%&#8221; padding_left_1=&#8221;5%&#8221; _builder_version=&#8221;3.22.7&#8243; width=&#8221;100%&#8221; max_width=&#8221;2560px&#8221;][et_pb_column type=&#8221;1_2&#8243; _builder_version=&#8221;3.22.7&#8243;][et_pb_text _builder_version=&#8221;3.22.7&#8243; custom_padding=&#8221;52px||47px|||false&#8221; custom_padding_tablet=&#8221;|||||true&#8221; custom_padding_last_edited=&#8221;on|phone&#8221;]<\/p>\n<h3><strong>Qu\u00e9 hacen los estudiantes en el campus adem\u00e1s de las clases<\/strong><\/h3>\n<ul>\n<li><strong>Gobierno estudiantil:<\/strong><span>\u00a0<\/span>El grupo que representa a los estudiantes en el campus es Estudiantes Asociados de Western Oregon University (ASWOU, por sus siglas en ingl\u00e9s). Tambi\u00e9n hay un Senado Estudiantil y una Asamblea de Derecho.<\/li>\n<li><strong>Clubs y organizaciones:<\/strong><span>\u00a0<\/span>Hay docenas de clubs y grupos de estudiantes con distintos intereses especiales, como el Club de Comunicaciones, Modelo ONU o Lenguaje Gestual Americano. Si no existe ya un club que coincida con tus intereses, puedes iniciarlo t\u00fa mismo.<\/li>\n<li><strong>Eventos deportivos:<\/strong><span>\u00a0<\/span>Los Wolves de WOU tienen 13 equipos deportivos, as\u00ed es que siempre hay alg\u00fan juego o partido en el campus. Los estudiantes de WOU entran gratis y est\u00e1n adelante en la secci\u00f3n de ovaciones.<\/li>\n<li><strong>Teatro y danza en escena:<\/strong><span>\u00a0<\/span>El departamento de Teatro y Danza pone en escena muchas producciones al a\u00f1o, incluyendo obras de teatro, musicales y el Concierto de Danza de Primavera.<\/li>\n<li><strong>M\u00fasica en vivo:<\/strong><span>\u00a0<\/span>Los estudiantes de m\u00fasica ofrecen conciertos en escena durante todo el a\u00f1o. Adem\u00e1s, hay artistas visitantes en el campus todo el tiempo. Los estilos musicales incluyen piano cl\u00e1sico, funk y palabra hablada, entre otros.<\/li>\n<li><strong>Medios estudiantiles:<\/strong><span>\u00a0<\/span>Los medios estudiantiles de WOU \u2014peri\u00f3dico, estaci\u00f3n de radio (\u00a1Podr\u00edas ser un DJ!) y gaceta literaria (\u00a1Podr\u00edas publicar tu propia obra!)\u2014 mantienen a los estudiantes al corriente de las noticias del campus.<\/li>\n<li><strong>Equipo PLUS y Embajadores:<\/strong><span>\u00a0<\/span>Los promotores de WOU dan visitas guiadas del campus, asisten durante los eventos de SOAR y en general, comparten su amor a WOU con los visitantes y los posibles futuros estudiantes.<\/li>\n<li><strong>Hermandades femeninas de estudiantes y fraternidades:<\/strong><span>\u00a0<\/span>Muchas de las organizaciones griegas en el campus tienen un enfoque tem\u00e1tico, tal como la Sociedad Nacional de Honor, participaci\u00f3n comunitaria o liderazgo.<\/li>\n<li><strong>Esparcimiento en el campus:<\/strong><span>\u00a0<\/span>Muchas ligas deportivas (equipos que compiten contra otras universidades) y deportes intramuros (equipos que compiten contra otros equipos de WOU) son extremadamente populares, as\u00ed como el programa de Esparcimiento al Aire Libre, que organiza excursiones, visitas a la playa y otras aventuras durante todo el a\u00f1o.<\/li>\n<li><strong>Gimnasio:<\/strong><span>\u00a0<\/span>El moderno Centro de Salud y Bienestar Peter Courtney ofrece equipo para ejercicio, pista, piscina, un muro para escalar gigantesco y muchas otras cosas para que los estudiantes puedan mantener o mejorar su salud.<\/li>\n<li><strong>Exhibiciones de arte:<\/strong><span>\u00a0<\/span>WOU tiene un museo de arte oficial en Campbell Hall, en el que hay exhibiciones peri\u00f3dicas en la Biblioteca Hamersly, as\u00ed como en el Centro Universitario Werner.<\/li>\n<li><strong>Bellas artes:<\/strong><span>\u00a0<\/span>La Serie Smith para las Bellas Artes y la Serie de Conferencias Jensen traen a artistas esc\u00e9nicos y conferencistas de renombre mundial a Monmouth.<\/li>\n<\/ul>\n<p>[\/et_pb_text][\/et_pb_column][et_pb_column type=&#8221;1_2&#8243; _builder_version=&#8221;3.22.7&#8243;][et_pb_text _builder_version=&#8221;3.22.7&#8243; custom_padding=&#8221;150px||150px&#8221;][\/et_pb_text][\/et_pb_column][\/et_pb_row][et_pb_row use_custom_gutter=&#8221;on&#8221; gutter_width=&#8221;1&#8243; custom_padding=&#8221;0px||0px|||true&#8221; custom_margin=&#8221;|||||true&#8221; make_equal=&#8221;on&#8221; background_color_2=&#8221;#e7e7e7&#8243; bg_img_1=&#8221;https:\/\/wou.edu\/1rageneracion\/files\/2019\/08\/Huge-cornhole-game-on-WOU-Grove.jpg&#8221; padding_left_right_link_1=&#8221;true&#8221; padding_left_right_link_2=&#8221;true&#8221; padding_right_2=&#8221;5%&#8221; padding_left_2=&#8221;5%&#8221; _builder_version=&#8221;3.22.7&#8243; width=&#8221;100%&#8221; max_width=&#8221;2560px&#8221;][et_pb_column type=&#8221;1_2&#8243; _builder_version=&#8221;3.22.7&#8243;][et_pb_text _builder_version=&#8221;3.22.7&#8243; custom_padding=&#8221;150px||150px&#8221;][\/et_pb_text][\/et_pb_column][et_pb_column type=&#8221;1_2&#8243; _builder_version=&#8221;3.22.7&#8243;][et_pb_text _builder_version=&#8221;3.22.7&#8243; custom_margin=&#8221;||45px|||&#8221; custom_padding=&#8221;40px|||||false&#8221; custom_padding_tablet=&#8221;|25px||25px||true&#8221; custom_padding_last_edited=&#8221;on|tablet&#8221;]<\/p>\n<p>Por supuesto, hay docenas de actividades y eventos que ocurren en una universidad cada semana y esto es s\u00f3lo una peque\u00f1a muestra. Puedes echar un vistazo al<span>\u00a0<\/span><a href=\"http:\/\/calendar.wou.edu\/\">calendario de WOU<\/a><span>\u00a0<\/span>para que te des una idea de otras maneras en que los estudiantes participan. Adem\u00e1s de las actividades que son principalmente para divertirse y socializar, muchos estudiantes deciden involucrarse en organizaciones de tipo acad\u00e9mico, tales como:<\/p>\n<ul>\n<li><strong>Programa de Enriquecimiento Estudiantil (SEP, por sus siglas en ingl\u00e9s):<span>\u00a0<\/span><\/strong>Un gran porcentaje de los estudiantes de WOU son parte del SEP, un programa que proporciona servicios y una atm\u00f3sfera de apoyo a estudiantes de primera generaci\u00f3n, de bajos recursos y estudiantes con discapacidad para que desarrollen habilidades para terminar exitosamente sus estudios universitarios.\u00a0<\/li>\n<li><strong>Vacaciones alternativas:<\/strong><span>\u00a0<\/span>Los estudiantes, docentes y personal de WOU viajan por todo el estado, el pa\u00eds y el mundo para ayudar a construir comunidades m\u00e1s fuertes por medio del servicio. Estas experiencias se ofrecen durante las vacaciones de primavera.<\/li>\n<li><strong>Estudios en el extranjero:<\/strong><span>\u00a0<\/span>Los estudiantes pueden estudiar en muchos pa\u00edses del mundo por un trimestre o un a\u00f1o acad\u00e9mico completo. Para ello, siguen pagando su colegiatura y cuotas de WOU y siguen obteniendo cr\u00e9ditos de WOU.<\/li>\n<li><strong>Liderazgo estudiantil:<\/strong><span>\u00a0<\/span>Los estudiantes que quieren acrecentar sus habilidades de liderazgo durante un trimestre o durante un solo d\u00eda pueden participar en muchos programas que se ofrecen a trav\u00e9s de Participaci\u00f3n Estudiantil.<\/li>\n<li><strong>Centro de redacci\u00f3n\/Centro de matem\u00e1ticas\/Centro de ciencia:<\/strong><span>\u00a0<\/span>Ya sea que los estudiantes trabajen en uno de estos centros de asistencia acad\u00e9mica o busquen ah\u00ed tutor\u00eda, estos centros son recursos valiosos en el campus.<\/li>\n<li><strong>Programa Honor\u00edfico:<\/strong><span>\u00a0<\/span>Este programa es para estudiantes que buscan retos acad\u00e9micos m\u00e1s avanzados mientras estudian en WOU. Los estudiantes pueden solicitar su membres\u00eda.<\/li>\n<li><strong>Asociaci\u00f3n de residencias para estudiantes:<\/strong><span>\u00a0<\/span>Los residentes del campus adquieren habilidades de liderazgo valiosas cuando sirven como Asistentes de Residencias (R.A.s, por sus siglas en ingl\u00e9s) o cuando de alguna u otra manera forman parte de esta importante organizaci\u00f3n.<\/li>\n<\/ul>\n<p><em>Encontrar\u00e1s m\u00e1s informaci\u00f3n acerca de lo que implica ser estudiante universitario en los siguientes dos botones:<span>\u00a0<\/span><\/em><strong><em>Respuestas para Estudiantes y Respuestas para Padres de Familia.<\/em><\/strong><em><span>\u00a0<\/span>Presiona esas ligas arriba para que contin\u00faes aprendiendo.<\/em><\/p>\n<p>[\/et_pb_text][et_pb_button button_url=&#8221;https:\/\/wou.edu\/1rageneracion\/respuestas-para-estudiantes\/&#8221; button_text=&#8221;Respuestas para estudiantes&#8221; _builder_version=&#8221;3.22.7&#8243; custom_button=&#8221;on&#8221; button_border_radius=&#8221;0px&#8221; button_font=&#8221;||||||||&#8221; custom_margin=&#8221;||15px&#8221;][\/et_pb_button][et_pb_button button_url=&#8221;https:\/\/wou.edu\/1rageneracion\/respuestas-para-padres-de-familia\/&#8221; button_text=&#8221;Respuestas para padres de familia&#8221; _builder_version=&#8221;3.22.7&#8243; custom_button=&#8221;on&#8221; button_border_radius=&#8221;0px&#8221; button_font=&#8221;||||||||&#8221; custom_margin=&#8221;||40px&#8221;][\/et_pb_button][\/et_pb_column][\/et_pb_row][\/et_pb_section]<\/p>\n","protected":false},"excerpt":{"rendered":"<p>Vida estudiantil Una mirada a la vida estudiantil de&#8230;<\/p>\n","protected":false},"author":417,"featured_media":0,"parent":0,"menu_order":0,"comment_status":"closed","ping_status":"closed","template":"splash-page.php","meta":{"_seopress_robots_primary_cat":"","_seopress_titles_title":"Vida Estudiantil | Estudiantes de Primera Generaci\u00f3n","_seopress_titles_desc":"","_seopress_robots_index":"","_lmt_disableupdate":"no","_lmt_disable":"","_et_pb_use_builder":"on","_et_pb_old_content":"","_et_gb_content_width":"","footnotes":"","_links_to":"","_links_to_target":""},"class_list":["post-961","page","type-page","status-publish","hentry"],"_links":{"self":[{"href":"https:\/\/wou.edu\/1rageneracion\/wp-json\/wp\/v2\/pages\/961","targetHints":{"allow":["GET"]}}],"collection":[{"href":"https:\/\/wou.edu\/1rageneracion\/wp-json\/wp\/v2\/pages"}],"about":[{"href":"https:\/\/wou.edu\/1rageneracion\/wp-json\/wp\/v2\/types\/page"}],"author":[{"embeddable":true,"href":"https:\/\/wou.edu\/1rageneracion\/wp-json\/wp\/v2\/users\/417"}],"replies":[{"embeddable":true,"href":"https:\/\/wou.edu\/1rageneracion\/wp-json\/wp\/v2\/comments?post=961"}],"version-history":[{"count":1,"href":"https:\/\/wou.edu\/1rageneracion\/wp-json\/wp\/v2\/pages\/961\/revisions"}],"predecessor-version":[{"id":1218,"href":"https:\/\/wou.edu\/1rageneracion\/wp-json\/wp\/v2\/pages\/961\/revisions\/1218"}],"wp:attachment":[{"href":"https:\/\/wou.edu\/1rageneracion\/wp-json\/wp\/v2\/media?parent=961"}],"curies":[{"name":"wp","href":"https:\/\/api.w.org\/{rel}","templated":true}]}}